{"id":378,"date":"2020-02-13T22:27:24","date_gmt":"2020-02-13T22:27:24","guid":{"rendered":"https:\/\/geopresovregion.sk\/home\/?page_id=378"},"modified":"2020-04-15T12:29:14","modified_gmt":"2020-04-15T12:29:14","slug":"about-platform","status":"publish","type":"page","link":"https:\/\/geopresovregion.sk\/home\/en\/about-platform\/","title":{"rendered":"Our platform"},"content":{"rendered":"\n<p>&#8220;New Oil&#8221; or &#8220;Data Over Gold&#8221;. Even such terms currently define the advantage and need of having quality data in both the private and public spheres, where without sufficient knowledge of the region (city, country) it is not possible to make quality decisions for a quality life.<\/p>\n\n\n\n<h2>Our \/ your platform<\/h2>\n\n\n\n<p>Therefore, a team of dedicated people has been building a geoportal at the Pre\u0161ov Self-Governing Office for more than a year, where we welcome you. The Geoportal serves as a platform for integrating, storing and publishing map viewable data (spatial information). The platform&#8217;s target groups are:<\/p>\n\n\n\n<ul><li><strong>the public<\/strong> &#8211; for the transparent provision of broad spectrum information on the region,<\/li><li><strong>Pre\u0161ov self-governing region <\/strong>&#8211; for quality decision-making based on spatial information and appropriate setting of policies in several areas of life (regional development, health care, social area,\u2026),<\/li><li> <strong>business sector<\/strong> &#8211; to monitor and analyze demographic and economic indicators in space and then make decisions based on this information,<\/li><li> <strong>academic sector<\/strong> &#8211; for studying and researching various facts and phenomena in the region, for using maps in seminar or final theses.<\/li><\/ul>\n\n\n\n<p>All the tools we use have open code &#8211; so-called <strong>Open Source<\/strong>.<\/p>\n\n\n\n<h2>Basic terms<\/h2>\n\n\n\n<p><strong><a href=\"https:\/\/geopresovregion.sk\/geonetwork\/srv\/en\/catalog.search#\/search?resultType=details&amp;sortBy=changeDate&amp;from=1&amp;to=20\" target=\"_blank\" rel=\"noreferrer noopener\" aria-label=\"Data catalog (opens in a new tab)\">Data catalog<\/a><\/strong> &#8211; in the catalog you will find datasets that directly affect the territory of the self-governing region. The data catalog includes the original data of the self-governing region as well as data that are collected at the national level about the region. Each dataset has its metadata (data data) describing what type of data it represents, what it represents and from what source it is used. All datasets (and metadata) can be downloaded directly from the catalog in CSV format or simply added as a layer to the map viewer.<\/p>\n\n\n\n<p><strong><a href=\"https:\/\/geopresovregion.sk\/mapfishapp?lang=en\" target=\"_blank\" rel=\"noreferrer noopener\" aria-label=\"Map Viewer (opens in a new tab)\">Map Viewer<\/a><\/strong> &#8211; online map viewer for viewing and analyzing spatial data. It allows you to add data from the data catalog, lay the individual data on top of each other, measure, compare, etc. It is possible to download data not only in CSV or JSON format but also in other spatial data formats (GML, KML, SHAPEFILE).<\/p>\n\n\n\n<p><strong><a href=\"https:\/\/geopresovregion.sk\/home\/en\/thematic-maps\/\">Thematic maps<\/a> <\/strong>&#8211; provide simple, fast and easy-to-understand information in the most accessible and simple form possible. By combining layers and views through the individual pointers, the thematic content can be brought closer to the user.<\/p>\n\n\n\n<p>An important element in building the platform is \u201cdata partnerships\u201d with local and national entities. We are therefore open to any cooperation on data exchange.<\/p>\n\n\n\n<p>We believe that you will find a lot of interesting information on the geoportal. Every day we work to improve it and integrate new data with metadata. If you have any questions or suggestions, please contact us at <a href=\"mailto:geopresovregion@vucpo.sk\">geopresovregion@vucpo.sk<\/a> or <a href=\"https:\/\/geopresovregion.sk\/home\/en\/contact\/\">leave us a message via the form<\/a>. Only with good feedback can we do our job better \ud83d\ude0a.<\/p>\n","protected":false},"excerpt":{"rendered":"<p>&#8220;New Oil&#8221; or &#8220;Data Over Gold&#8221;. Even such terms currently define the advantage and need of having quality data in both the private and public spheres, where without sufficient knowledge of the region (city, country) it is not possible to make quality decisions for a quality life. Our \/ your platform Therefore, a team of [&hellip;]<\/p>\n","protected":false},"author":1,"featured_media":0,"parent":0,"menu_order":0,"comment_status":"closed","ping_status":"closed","template":"","meta":{"cybocfi_hide_featured_image":""},"yoast_head":"<!-- This site is optimized with the Yoast SEO plugin v19.3 - https:\/\/yoast.com\/wordpress\/plugins\/seo\/ -->\n<title>Our platform - Geoport\u00e1l Pre\u0161ovsk\u00e9ho kraja<\/title>\n<meta name=\"robots\" content=\"index, follow, max-snippet:-1, max-image-preview:large, max-video-preview:-1\" \/>\n<link rel=\"canonical\" href=\"https:\/\/geopresovregion.sk\/home\/en\/about-platform\/\" \/>\n<meta property=\"og:locale\" content=\"en_US\" \/>\n<meta property=\"og:type\" content=\"article\" \/>\n<meta property=\"og:title\" content=\"Our platform - Geoport\u00e1l Pre\u0161ovsk\u00e9ho kraja\" \/>\n<meta property=\"og:description\" content=\"&#8220;New Oil&#8221; or &#8220;Data Over Gold&#8221;. Even such terms currently define the advantage and need of having quality data in both the private and public spheres, where without sufficient knowledge of the region (city, country) it is not possible to make quality decisions for a quality life. Our \/ your platform Therefore, a team of [&hellip;]\" \/>\n<meta property=\"og:url\" content=\"https:\/\/geopresovregion.sk\/home\/en\/about-platform\/\" \/>\n<meta property=\"og:site_name\" content=\"Geoport\u00e1l Pre\u0161ovsk\u00e9ho kraja\" \/>\n<meta property=\"article:modified_time\" content=\"2020-04-15T12:29:14+00:00\" \/>\n<meta name=\"twitter:card\" content=\"summary_large_image\" \/>\n<script type=\"application\/ld+json\" class=\"yoast-schema-graph\">{\"@context\":\"https:\/\/schema.org\",\"@graph\":[{\"@type\":\"WebSite\",\"@id\":\"https:\/\/geopresovregion.sk\/home\/#website\",\"url\":\"https:\/\/geopresovregion.sk\/home\/\",\"name\":\"Geoport\u00e1l Pre\u0161ovsk\u00e9ho kraja\",\"description\":\"Geoport\u00e1l Pre\u0161ovsk\u00e9ho kraja\",\"potentialAction\":[{\"@type\":\"SearchAction\",\"target\":{\"@type\":\"EntryPoint\",\"urlTemplate\":\"https:\/\/geopresovregion.sk\/home\/?s={search_term_string}\"},\"query-input\":\"required name=search_term_string\"}],\"inLanguage\":\"en-US\"},{\"@type\":\"WebPage\",\"@id\":\"https:\/\/geopresovregion.sk\/home\/en\/about-platform\/\",\"url\":\"https:\/\/geopresovregion.sk\/home\/en\/about-platform\/\",\"name\":\"Our platform - Geoport\u00e1l Pre\u0161ovsk\u00e9ho kraja\",\"isPartOf\":{\"@id\":\"https:\/\/geopresovregion.sk\/home\/#website\"},\"datePublished\":\"2020-02-13T22:27:24+00:00\",\"dateModified\":\"2020-04-15T12:29:14+00:00\",\"breadcrumb\":{\"@id\":\"https:\/\/geopresovregion.sk\/home\/en\/about-platform\/#breadcrumb\"},\"inLanguage\":\"en-US\",\"potentialAction\":[{\"@type\":\"ReadAction\",\"target\":[\"https:\/\/geopresovregion.sk\/home\/en\/about-platform\/\"]}]},{\"@type\":\"BreadcrumbList\",\"@id\":\"https:\/\/geopresovregion.sk\/home\/en\/about-platform\/#breadcrumb\",\"itemListElement\":[{\"@type\":\"ListItem\",\"position\":1,\"name\":\"Home\",\"item\":\"https:\/\/geopresovregion.sk\/home\/\"},{\"@type\":\"ListItem\",\"position\":2,\"name\":\"Our platform\"}]}]}<\/script>\n<!-- \/ Yoast SEO plugin. -->","yoast_head_json":{"title":"Our platform - Geoport\u00e1l Pre\u0161ovsk\u00e9ho kraja","robots":{"index":"index","follow":"follow","max-snippet":"max-snippet:-1","max-image-preview":"max-image-preview:large","max-video-preview":"max-video-preview:-1"},"canonical":"https:\/\/geopresovregion.sk\/home\/en\/about-platform\/","og_locale":"en_US","og_type":"article","og_title":"Our platform - Geoport\u00e1l Pre\u0161ovsk\u00e9ho kraja","og_description":"&#8220;New Oil&#8221; or &#8220;Data Over Gold&#8221;. Even such terms currently define the advantage and need of having quality data in both the private and public spheres, where without sufficient knowledge of the region (city, country) it is not possible to make quality decisions for a quality life. Our \/ your platform Therefore, a team of [&hellip;]","og_url":"https:\/\/geopresovregion.sk\/home\/en\/about-platform\/","og_site_name":"Geoport\u00e1l Pre\u0161ovsk\u00e9ho kraja","article_modified_time":"2020-04-15T12:29:14+00:00","twitter_card":"summary_large_image","schema":{"@context":"https:\/\/schema.org","@graph":[{"@type":"WebSite","@id":"https:\/\/geopresovregion.sk\/home\/#website","url":"https:\/\/geopresovregion.sk\/home\/","name":"Geoport\u00e1l Pre\u0161ovsk\u00e9ho kraja","description":"Geoport\u00e1l Pre\u0161ovsk\u00e9ho kraja","potentialAction":[{"@type":"SearchAction","target":{"@type":"EntryPoint","urlTemplate":"https:\/\/geopresovregion.sk\/home\/?s={search_term_string}"},"query-input":"required name=search_term_string"}],"inLanguage":"en-US"},{"@type":"WebPage","@id":"https:\/\/geopresovregion.sk\/home\/en\/about-platform\/","url":"https:\/\/geopresovregion.sk\/home\/en\/about-platform\/","name":"Our platform - Geoport\u00e1l Pre\u0161ovsk\u00e9ho kraja","isPartOf":{"@id":"https:\/\/geopresovregion.sk\/home\/#website"},"datePublished":"2020-02-13T22:27:24+00:00","dateModified":"2020-04-15T12:29:14+00:00","breadcrumb":{"@id":"https:\/\/geopresovregion.sk\/home\/en\/about-platform\/#breadcrumb"},"inLanguage":"en-US","potentialAction":[{"@type":"ReadAction","target":["https:\/\/geopresovregion.sk\/home\/en\/about-platform\/"]}]},{"@type":"BreadcrumbList","@id":"https:\/\/geopresovregion.sk\/home\/en\/about-platform\/#breadcrumb","itemListElement":[{"@type":"ListItem","position":1,"name":"Home","item":"https:\/\/geopresovregion.sk\/home\/"},{"@type":"ListItem","position":2,"name":"Our platform"}]}]}},"_links":{"self":[{"href":"https:\/\/geopresovregion.sk\/home\/wp-json\/wp\/v2\/pages\/378"}],"collection":[{"href":"https:\/\/geopresovregion.sk\/home\/wp-json\/wp\/v2\/pages"}],"about":[{"href":"https:\/\/geopresovregion.sk\/home\/wp-json\/wp\/v2\/types\/page"}],"author":[{"embeddable":true,"href":"https:\/\/geopresovregion.sk\/home\/wp-json\/wp\/v2\/users\/1"}],"replies":[{"embeddable":true,"href":"https:\/\/geopresovregion.sk\/home\/wp-json\/wp\/v2\/comments?post=378"}],"version-history":[{"count":7,"href":"https:\/\/geopresovregion.sk\/home\/wp-json\/wp\/v2\/pages\/378\/revisions"}],"predecessor-version":[{"id":1084,"href":"https:\/\/geopresovregion.sk\/home\/wp-json\/wp\/v2\/pages\/378\/revisions\/1084"}],"wp:attachment":[{"href":"https:\/\/geopresovregion.sk\/home\/wp-json\/wp\/v2\/media?parent=378"}],"curies":[{"name":"wp","href":"https:\/\/api.w.org\/{rel}","templated":true}]}}