{"id":232,"date":"2020-02-13T14:36:38","date_gmt":"2020-02-13T14:36:38","guid":{"rendered":"https:\/\/geopresovregion.sk\/home\/?page_id=232"},"modified":"2022-07-20T07:18:55","modified_gmt":"2022-07-20T07:18:55","slug":"kontakt","status":"publish","type":"page","link":"https:\/\/geopresovregion.sk\/home\/kontakt\/","title":{"rendered":"Kontakt"},"content":{"rendered":"\n<div class=\"wp-block-columns\">\n<div class=\"wp-block-column\">\n<p><strong>\u00darad Pre\u0161ovsk\u00e9ho samospr\u00e1vneho kraja (\u00darad PSK)<\/strong><\/p>\n\n\n\n<p>\u00darad Pre\u0161ovsk\u00e9ho samospr\u00e1vneho kraja<br>N\u00e1mestie mieru 2<br>080 01 Pre\u0161ov<\/p>\n\n\n\n<p><em><strong>Odbor strategick\u00e9ho rozvoja,<\/strong><\/em><br><em><strong>oddelenie in\u0161tit\u00fat rozvoja PSK<\/strong><\/em><\/p>\n\n\n\n<p><a href=\"mailto:geopresovregion@psk.sk\">geopresovregion@psk.sk<\/a><\/p>\n<\/div>\n\n\n\n<div class=\"wp-block-column\">\n<p><em><strong>Kde n\u00e1s n\u00e1jdete<\/strong><\/em><\/p>\n\n\n<p><iframe loading=\"lazy\" scrolling=\"no\" marginheight=\"0\" marginwidth=\"0\" src=\"https:\/\/www.openstreetmap.org\/export\/embed.html?bbox=21.237205266952518%2C49.00031302305408%2C21.24616384506226%2C49.003529607607916&amp;layer=mapnik&amp;marker=49.00192134129931%2C21.241684556007385\" style=\"border: 1px solid black\" width=\"425\" height=\"350\" frameborder=\"0\"><\/iframe><br \/><small><a href=\"https:\/\/www.openstreetmap.org\/?mlat=49.00192&amp;mlon=21.24168#map=18\/49.00192\/21.24168\">View Larger Map<\/a><\/small><\/p>\n<\/div>\n<\/div>\n\n\n\n<div class=\"wp-block-columns\">\n<div class=\"wp-block-column\"><\/div>\n\n\n\n<div class=\"wp-block-column\"><\/div>\n<\/div>\n","protected":false},"excerpt":{"rendered":"<p>\u00darad Pre\u0161ovsk\u00e9ho samospr\u00e1vneho kraja (\u00darad PSK) \u00darad Pre\u0161ovsk\u00e9ho samospr\u00e1vneho krajaN\u00e1mestie mieru 2080 01 Pre\u0161ov Odbor strategick\u00e9ho rozvoja,oddelenie in\u0161tit\u00fat rozvoja PSK geopresovregion@psk.sk Kde n\u00e1s n\u00e1jdete<\/p>\n","protected":false},"author":1,"featured_media":0,"parent":0,"menu_order":0,"comment_status":"closed","ping_status":"closed","template":"","meta":{"cybocfi_hide_featured_image":""},"yoast_head":"<!-- This site is optimized with the Yoast SEO plugin v19.3 - https:\/\/yoast.com\/wordpress\/plugins\/seo\/ -->\n<title>Kontakt - Geoport\u00e1l Pre\u0161ovsk\u00e9ho kraja<\/title>\n<meta name=\"robots\" content=\"index, follow, max-snippet:-1, max-image-preview:large, max-video-preview:-1\" \/>\n<link rel=\"canonical\" href=\"https:\/\/geopresovregion.sk\/home\/kontakt\/\" \/>\n<meta property=\"og:locale\" content=\"en_US\" \/>\n<meta property=\"og:type\" content=\"article\" \/>\n<meta property=\"og:title\" content=\"Kontakt - Geoport\u00e1l Pre\u0161ovsk\u00e9ho kraja\" \/>\n<meta property=\"og:description\" content=\"\u00darad Pre\u0161ovsk\u00e9ho samospr\u00e1vneho kraja (\u00darad PSK) \u00darad Pre\u0161ovsk\u00e9ho samospr\u00e1vneho krajaN\u00e1mestie mieru 2080 01 Pre\u0161ov Odbor strategick\u00e9ho rozvoja,oddelenie in\u0161tit\u00fat rozvoja PSK geopresovregion@psk.sk Kde n\u00e1s n\u00e1jdete\" \/>\n<meta property=\"og:url\" content=\"https:\/\/geopresovregion.sk\/home\/kontakt\/\" \/>\n<meta property=\"og:site_name\" content=\"Geoport\u00e1l Pre\u0161ovsk\u00e9ho kraja\" \/>\n<meta property=\"article:modified_time\" content=\"2022-07-20T07:18:55+00:00\" \/>\n<meta name=\"twitter:card\" content=\"summary_large_image\" \/>\n<script type=\"application\/ld+json\" class=\"yoast-schema-graph\">{\"@context\":\"https:\/\/schema.org\",\"@graph\":[{\"@type\":\"WebSite\",\"@id\":\"https:\/\/geopresovregion.sk\/home\/#website\",\"url\":\"https:\/\/geopresovregion.sk\/home\/\",\"name\":\"Geoport\u00e1l Pre\u0161ovsk\u00e9ho kraja\",\"description\":\"Geoport\u00e1l Pre\u0161ovsk\u00e9ho kraja\",\"potentialAction\":[{\"@type\":\"SearchAction\",\"target\":{\"@type\":\"EntryPoint\",\"urlTemplate\":\"https:\/\/geopresovregion.sk\/home\/?s={search_term_string}\"},\"query-input\":\"required name=search_term_string\"}],\"inLanguage\":\"en-US\"},{\"@type\":\"WebPage\",\"@id\":\"https:\/\/geopresovregion.sk\/home\/kontakt\/\",\"url\":\"https:\/\/geopresovregion.sk\/home\/kontakt\/\",\"name\":\"Kontakt - Geoport\u00e1l Pre\u0161ovsk\u00e9ho kraja\",\"isPartOf\":{\"@id\":\"https:\/\/geopresovregion.sk\/home\/#website\"},\"datePublished\":\"2020-02-13T14:36:38+00:00\",\"dateModified\":\"2022-07-20T07:18:55+00:00\",\"breadcrumb\":{\"@id\":\"https:\/\/geopresovregion.sk\/home\/kontakt\/#breadcrumb\"},\"inLanguage\":\"en-US\",\"potentialAction\":[{\"@type\":\"ReadAction\",\"target\":[\"https:\/\/geopresovregion.sk\/home\/kontakt\/\"]}]},{\"@type\":\"BreadcrumbList\",\"@id\":\"https:\/\/geopresovregion.sk\/home\/kontakt\/#breadcrumb\",\"itemListElement\":[{\"@type\":\"ListItem\",\"position\":1,\"name\":\"Home\",\"item\":\"https:\/\/geopresovregion.sk\/home\/\"},{\"@type\":\"ListItem\",\"position\":2,\"name\":\"Kontakt\"}]}]}<\/script>\n<!-- \/ Yoast SEO plugin. -->","yoast_head_json":{"title":"Kontakt - Geoport\u00e1l Pre\u0161ovsk\u00e9ho kraja","robots":{"index":"index","follow":"follow","max-snippet":"max-snippet:-1","max-image-preview":"max-image-preview:large","max-video-preview":"max-video-preview:-1"},"canonical":"https:\/\/geopresovregion.sk\/home\/kontakt\/","og_locale":"en_US","og_type":"article","og_title":"Kontakt - Geoport\u00e1l Pre\u0161ovsk\u00e9ho kraja","og_description":"\u00darad Pre\u0161ovsk\u00e9ho samospr\u00e1vneho kraja (\u00darad PSK) \u00darad Pre\u0161ovsk\u00e9ho samospr\u00e1vneho krajaN\u00e1mestie mieru 2080 01 Pre\u0161ov Odbor strategick\u00e9ho rozvoja,oddelenie in\u0161tit\u00fat rozvoja PSK geopresovregion@psk.sk Kde n\u00e1s n\u00e1jdete","og_url":"https:\/\/geopresovregion.sk\/home\/kontakt\/","og_site_name":"Geoport\u00e1l Pre\u0161ovsk\u00e9ho kraja","article_modified_time":"2022-07-20T07:18:55+00:00","twitter_card":"summary_large_image","schema":{"@context":"https:\/\/schema.org","@graph":[{"@type":"WebSite","@id":"https:\/\/geopresovregion.sk\/home\/#website","url":"https:\/\/geopresovregion.sk\/home\/","name":"Geoport\u00e1l Pre\u0161ovsk\u00e9ho kraja","description":"Geoport\u00e1l Pre\u0161ovsk\u00e9ho kraja","potentialAction":[{"@type":"SearchAction","target":{"@type":"EntryPoint","urlTemplate":"https:\/\/geopresovregion.sk\/home\/?s={search_term_string}"},"query-input":"required name=search_term_string"}],"inLanguage":"en-US"},{"@type":"WebPage","@id":"https:\/\/geopresovregion.sk\/home\/kontakt\/","url":"https:\/\/geopresovregion.sk\/home\/kontakt\/","name":"Kontakt - Geoport\u00e1l Pre\u0161ovsk\u00e9ho kraja","isPartOf":{"@id":"https:\/\/geopresovregion.sk\/home\/#website"},"datePublished":"2020-02-13T14:36:38+00:00","dateModified":"2022-07-20T07:18:55+00:00","breadcrumb":{"@id":"https:\/\/geopresovregion.sk\/home\/kontakt\/#breadcrumb"},"inLanguage":"en-US","potentialAction":[{"@type":"ReadAction","target":["https:\/\/geopresovregion.sk\/home\/kontakt\/"]}]},{"@type":"BreadcrumbList","@id":"https:\/\/geopresovregion.sk\/home\/kontakt\/#breadcrumb","itemListElement":[{"@type":"ListItem","position":1,"name":"Home","item":"https:\/\/geopresovregion.sk\/home\/"},{"@type":"ListItem","position":2,"name":"Kontakt"}]}]}},"_links":{"self":[{"href":"https:\/\/geopresovregion.sk\/home\/wp-json\/wp\/v2\/pages\/232"}],"collection":[{"href":"https:\/\/geopresovregion.sk\/home\/wp-json\/wp\/v2\/pages"}],"about":[{"href":"https:\/\/geopresovregion.sk\/home\/wp-json\/wp\/v2\/types\/page"}],"author":[{"embeddable":true,"href":"https:\/\/geopresovregion.sk\/home\/wp-json\/wp\/v2\/users\/1"}],"replies":[{"embeddable":true,"href":"https:\/\/geopresovregion.sk\/home\/wp-json\/wp\/v2\/comments?post=232"}],"version-history":[{"count":10,"href":"https:\/\/geopresovregion.sk\/home\/wp-json\/wp\/v2\/pages\/232\/revisions"}],"predecessor-version":[{"id":2239,"href":"https:\/\/geopresovregion.sk\/home\/wp-json\/wp\/v2\/pages\/232\/revisions\/2239"}],"wp:attachment":[{"href":"https:\/\/geopresovregion.sk\/home\/wp-json\/wp\/v2\/media?parent=232"}],"curies":[{"name":"wp","href":"https:\/\/api.w.org\/{rel}","templated":true}]}}