{"id":229,"date":"2020-02-13T14:34:32","date_gmt":"2020-02-13T14:34:32","guid":{"rendered":"https:\/\/geopresovregion.sk\/home\/?page_id=229"},"modified":"2021-02-02T11:25:28","modified_gmt":"2021-02-02T11:25:28","slug":"o-nas","status":"publish","type":"page","link":"https:\/\/geopresovregion.sk\/home\/o-nas\/","title":{"rendered":"Kto sme"},"content":{"rendered":"\n<h3>POSLANIE<\/h3>\n\n\n\n<p>Platforma <strong>Geoinfra\u0161trukt\u00fara Pre\u0161ovsk\u00e9ho kraja<\/strong> bola vytvoren\u00e1 ako s\u00fa\u010das\u0165 iniciat\u00edvy Catching-up Regions (Dobiehaj\u00face regi\u00f3ny) za podpory Eur\u00f3pskej Komisie, Svetovej banky a \u00daradu podpredsedu vl\u00e1dy pre invest\u00edcie a informatiz\u00e1ciu Slovenskej republiky, kde <em><strong>Pre\u0161ovsk\u00fd samospr\u00e1vny kraj<\/strong><\/em> v spolupr\u00e1ci s <em><strong>Pre\u0161ovskou univerzitou v Pre\u0161ove<\/strong><\/em> sa spolo\u010dne podie\u013eaj\u00fa na aktivit\u00e1ch smeruj\u00facich k tvorbe region\u00e1lnej infra\u0161trukt\u00fary priestorov\u00fdch inform\u00e1ci\u00ed. Rie\u0161enie je postaven\u00e9 na budovan\u00ed komplexnej datab\u00e1zy kvalitn\u00fdch a aktu\u00e1lnych otvoren\u00fdch \u00fadajov (Open Data). Cie\u013eom platformy je prin\u00e1\u0161a\u0165 kvalitn\u00e9 poznanie regi\u00f3nu, efekt\u00edvnu v\u00fdmenu inform\u00e1ci\u00ed medzi in\u0161tit\u00faciami a \u013eahk\u00e9 sprostredkovanie d\u00f4le\u017eit\u00fdch inform\u00e1ci\u00ed verejnosti, samospr\u00e1vam, akademick\u00e9mu \u010di s\u00fakromn\u00e9mu sektoru. <\/p>\n\n\n\n<p>Spr\u00e1vu, rozvoj a partnerstv\u00e1 platformy Geoinfra\u0161trukt\u00fara Pre\u0161ovsk\u00e9ho kraja koordinuje a zabezpe\u010duje \u00darad Pre\u0161ovsk\u00e9ho samospr\u00e1vneho kraja prostredn\u00edctvom <a rel=\"noreferrer noopener\" aria-label=\"Oddelenia in\u0161tit\u00fatu rozvoja PSK (opens in a new tab)\" href=\"https:\/\/www.po-kraj.sk\/sk\/samosprava\/urad\/zamestnanci-uradu\/?podla=odbor&amp;odbor=Odbor+strategickeho+rozvoja+a+projektoveho+riadenia&amp;oddelenie=oddelenie+in%C5%A1tit%C3%BAt+rozvoja+PSK&amp;priezvisko=&amp;btnSubmit=H%C4%BEada%C5%A5\" target=\"_blank\">Oddelenia in\u0161tit\u00fatu rozvoja PSK<\/a> na Odbore strategick\u00e9ho rozvoja a projektov\u00e9ho riadenia v spolupr\u00e1ci s <a href=\"https:\/\/www.unipo.sk\/fakulta-humanitnych-prirodnych-vied\/katedry\/geografia\/\" target=\"_blank\" rel=\"noreferrer noopener\" aria-label=\"Katedrou geografie a aplikovanej geoinformatiky (opens in a new tab)\">Katedrou geografie a aplikovanej geoinformatiky<\/a> Pre\u0161ovskej univerzity v Pre\u0161ove. <\/p>\n\n\n\n<h3>V\u00cdZIA<\/h3>\n\n\n\n<p>By\u0165 komplexnou platformou pre integr\u00e1ciu, ukladanie, publikovanie a&nbsp;analyzovanie otvoren\u00fdch priestorov\u00fdch \u00fadajov z&nbsp;oblasti \u0161irok\u00e9ho spektra verejn\u00fdch polit\u00edk, ktor\u00e1 je vysoko u\u017eito\u010dn\u00e1 a ka\u017edodenne vyu\u017e\u00edvan\u00e1 verejn\u00fdm, s\u00fakromn\u00fdm a&nbsp;akademick\u00fdm sektorom.<\/p>\n\n\n\n<h3>HODNOTY<\/h3>\n\n\n\n<h5>&nbsp;Otvorenos\u0165<\/h5>\n\n\n\n<ul><li>pri pr\u00e1ci pou\u017e\u00edvame prim\u00e1rne n\u00e1stroje s<strong> otvoren\u00fdm<\/strong> k\u00f3dom, tzv. Open Source,<\/li><li>zbierame a uverej\u0148ujeme <strong>otvoren\u00e9<\/strong> inform\u00e1cie s meta\u00fadajmi, \u010d\u00edm prispievame k zv\u00fd\u0161enej transparentnosti samospr\u00e1vy,<\/li><li><strong>otvorene<\/strong> a kon\u0161trukt\u00edvne komunikujeme smerom dovn\u00fatra i navonok.<\/li><\/ul>\n\n\n\n<h5>Vz\u0165ahy<\/h5>\n\n\n\n<ul><li>zaklad\u00e1me si na dobr\u00fdch medzi \u013eudsk\u00fdch a profesijn\u00fdch vz\u0165ahoch na pracovisku,<\/li><li>sna\u017e\u00edme sa budova\u0165 nad\u0161tandardn\u00fa spolupr\u00e1cu s in\u00fdmi samospr\u00e1vami, in\u0161tit\u00faciami verejnej spr\u00e1vy, s\u00fakromnou a akademickou sf\u00e9rou na b\u00e1ze v\u00fdmeny d\u00e1t, inform\u00e1ci\u00ed, znalost\u00ed a sk\u00fasenost\u00ed,<\/li><li>prostredn\u00edctvom geoport\u00e1lu vytv\u00e1rame priestor na vz\u00e1jomn\u00e9 zdie\u013eanie d\u00e1t pre potreby kohoko\u013evek. <\/li><\/ul>\n\n\n\n<h5>Objektivita<\/h5>\n\n\n\n<ul><li>spracov\u00e1vame a publikujeme analytick\u00e9 poh\u013eady na d\u00e1ta z r\u00f4znych oblast\u00ed a polit\u00edk,<\/li><li>prin\u00e1\u0161ame a podporujeme <strong>&#8220;data-driven decision making<\/strong>&#8220;, tzn. prij\u00edmanie rozhodnut\u00ed na z\u00e1klade dostupn\u00fdch d\u00e1t.<\/li><\/ul>\n\n\n\n<p><\/p>\n\n\n\n<div class=\"wp-block-image\"><figure class=\"aligncenter size-full\"><img loading=\"lazy\" width=\"1024\" height=\"1448\" src=\"https:\/\/geopresovregion.sk\/home\/wp-content\/uploads\/2021\/02\/timeline-gis-PSK2.png\" alt=\"\" class=\"wp-image-1874\" srcset=\"https:\/\/geopresovregion.sk\/home\/wp-content\/uploads\/2021\/02\/timeline-gis-PSK2.png 1024w, https:\/\/geopresovregion.sk\/home\/wp-content\/uploads\/2021\/02\/timeline-gis-PSK2-212x300.png 212w, https:\/\/geopresovregion.sk\/home\/wp-content\/uploads\/2021\/02\/timeline-gis-PSK2-724x1024.png 724w, https:\/\/geopresovregion.sk\/home\/wp-content\/uploads\/2021\/02\/timeline-gis-PSK2-768x1086.png 768w\" sizes=\"(max-width: 1024px) 100vw, 1024px\" \/><\/figure><\/div>\n","protected":false},"excerpt":{"rendered":"<p>POSLANIE Platforma Geoinfra\u0161trukt\u00fara Pre\u0161ovsk\u00e9ho kraja bola vytvoren\u00e1 ako s\u00fa\u010das\u0165 iniciat\u00edvy Catching-up Regions (Dobiehaj\u00face regi\u00f3ny) za podpory Eur\u00f3pskej Komisie, Svetovej banky a \u00daradu podpredsedu vl\u00e1dy pre invest\u00edcie a informatiz\u00e1ciu Slovenskej republiky, kde Pre\u0161ovsk\u00fd samospr\u00e1vny kraj v spolupr\u00e1ci s Pre\u0161ovskou univerzitou v Pre\u0161ove sa spolo\u010dne podie\u013eaj\u00fa na aktivit\u00e1ch smeruj\u00facich k tvorbe region\u00e1lnej infra\u0161trukt\u00fary priestorov\u00fdch inform\u00e1ci\u00ed. Rie\u0161enie je [&hellip;]<\/p>\n","protected":false},"author":1,"featured_media":0,"parent":0,"menu_order":0,"comment_status":"closed","ping_status":"closed","template":"","meta":{"cybocfi_hide_featured_image":""},"yoast_head":"<!-- This site is optimized with the Yoast SEO plugin v19.3 - https:\/\/yoast.com\/wordpress\/plugins\/seo\/ -->\n<title>Kto sme - Geoport\u00e1l Pre\u0161ovsk\u00e9ho kraja<\/title>\n<meta name=\"robots\" content=\"index, follow, max-snippet:-1, max-image-preview:large, max-video-preview:-1\" \/>\n<link rel=\"canonical\" href=\"https:\/\/geopresovregion.sk\/home\/o-nas\/\" \/>\n<meta property=\"og:locale\" content=\"en_US\" \/>\n<meta property=\"og:type\" content=\"article\" \/>\n<meta property=\"og:title\" content=\"Kto sme - Geoport\u00e1l Pre\u0161ovsk\u00e9ho kraja\" \/>\n<meta property=\"og:description\" content=\"POSLANIE Platforma Geoinfra\u0161trukt\u00fara Pre\u0161ovsk\u00e9ho kraja bola vytvoren\u00e1 ako s\u00fa\u010das\u0165 iniciat\u00edvy Catching-up Regions (Dobiehaj\u00face regi\u00f3ny) za podpory Eur\u00f3pskej Komisie, Svetovej banky a \u00daradu podpredsedu vl\u00e1dy pre invest\u00edcie a informatiz\u00e1ciu Slovenskej republiky, kde Pre\u0161ovsk\u00fd samospr\u00e1vny kraj v spolupr\u00e1ci s Pre\u0161ovskou univerzitou v Pre\u0161ove sa spolo\u010dne podie\u013eaj\u00fa na aktivit\u00e1ch smeruj\u00facich k tvorbe region\u00e1lnej infra\u0161trukt\u00fary priestorov\u00fdch inform\u00e1ci\u00ed. Rie\u0161enie je [&hellip;]\" \/>\n<meta property=\"og:url\" content=\"https:\/\/geopresovregion.sk\/home\/o-nas\/\" \/>\n<meta property=\"og:site_name\" content=\"Geoport\u00e1l Pre\u0161ovsk\u00e9ho kraja\" \/>\n<meta property=\"article:modified_time\" content=\"2021-02-02T11:25:28+00:00\" \/>\n<meta property=\"og:image\" content=\"https:\/\/geopresovregion.sk\/home\/wp-content\/uploads\/2021\/02\/timeline-gis-PSK2.png\" \/>\n<meta name=\"twitter:card\" content=\"summary_large_image\" \/>\n<script type=\"application\/ld+json\" class=\"yoast-schema-graph\">{\"@context\":\"https:\/\/schema.org\",\"@graph\":[{\"@type\":\"WebSite\",\"@id\":\"https:\/\/geopresovregion.sk\/home\/#website\",\"url\":\"https:\/\/geopresovregion.sk\/home\/\",\"name\":\"Geoport\u00e1l Pre\u0161ovsk\u00e9ho kraja\",\"description\":\"Geoport\u00e1l Pre\u0161ovsk\u00e9ho kraja\",\"potentialAction\":[{\"@type\":\"SearchAction\",\"target\":{\"@type\":\"EntryPoint\",\"urlTemplate\":\"https:\/\/geopresovregion.sk\/home\/?s={search_term_string}\"},\"query-input\":\"required name=search_term_string\"}],\"inLanguage\":\"en-US\"},{\"@type\":\"ImageObject\",\"inLanguage\":\"en-US\",\"@id\":\"https:\/\/geopresovregion.sk\/home\/o-nas\/#primaryimage\",\"url\":\"https:\/\/geopresovregion.sk\/home\/wp-content\/uploads\/2021\/02\/timeline-gis-PSK2.png\",\"contentUrl\":\"https:\/\/geopresovregion.sk\/home\/wp-content\/uploads\/2021\/02\/timeline-gis-PSK2.png\",\"width\":1024,\"height\":1448},{\"@type\":\"WebPage\",\"@id\":\"https:\/\/geopresovregion.sk\/home\/o-nas\/\",\"url\":\"https:\/\/geopresovregion.sk\/home\/o-nas\/\",\"name\":\"Kto sme - Geoport\u00e1l Pre\u0161ovsk\u00e9ho kraja\",\"isPartOf\":{\"@id\":\"https:\/\/geopresovregion.sk\/home\/#website\"},\"primaryImageOfPage\":{\"@id\":\"https:\/\/geopresovregion.sk\/home\/o-nas\/#primaryimage\"},\"datePublished\":\"2020-02-13T14:34:32+00:00\",\"dateModified\":\"2021-02-02T11:25:28+00:00\",\"breadcrumb\":{\"@id\":\"https:\/\/geopresovregion.sk\/home\/o-nas\/#breadcrumb\"},\"inLanguage\":\"en-US\",\"potentialAction\":[{\"@type\":\"ReadAction\",\"target\":[\"https:\/\/geopresovregion.sk\/home\/o-nas\/\"]}]},{\"@type\":\"BreadcrumbList\",\"@id\":\"https:\/\/geopresovregion.sk\/home\/o-nas\/#breadcrumb\",\"itemListElement\":[{\"@type\":\"ListItem\",\"position\":1,\"name\":\"Home\",\"item\":\"https:\/\/geopresovregion.sk\/home\/\"},{\"@type\":\"ListItem\",\"position\":2,\"name\":\"Kto sme\"}]}]}<\/script>\n<!-- \/ Yoast SEO plugin. -->","yoast_head_json":{"title":"Kto sme - Geoport\u00e1l Pre\u0161ovsk\u00e9ho kraja","robots":{"index":"index","follow":"follow","max-snippet":"max-snippet:-1","max-image-preview":"max-image-preview:large","max-video-preview":"max-video-preview:-1"},"canonical":"https:\/\/geopresovregion.sk\/home\/o-nas\/","og_locale":"en_US","og_type":"article","og_title":"Kto sme - Geoport\u00e1l Pre\u0161ovsk\u00e9ho kraja","og_description":"POSLANIE Platforma Geoinfra\u0161trukt\u00fara Pre\u0161ovsk\u00e9ho kraja bola vytvoren\u00e1 ako s\u00fa\u010das\u0165 iniciat\u00edvy Catching-up Regions (Dobiehaj\u00face regi\u00f3ny) za podpory Eur\u00f3pskej Komisie, Svetovej banky a \u00daradu podpredsedu vl\u00e1dy pre invest\u00edcie a informatiz\u00e1ciu Slovenskej republiky, kde Pre\u0161ovsk\u00fd samospr\u00e1vny kraj v spolupr\u00e1ci s Pre\u0161ovskou univerzitou v Pre\u0161ove sa spolo\u010dne podie\u013eaj\u00fa na aktivit\u00e1ch smeruj\u00facich k tvorbe region\u00e1lnej infra\u0161trukt\u00fary priestorov\u00fdch inform\u00e1ci\u00ed. Rie\u0161enie je [&hellip;]","og_url":"https:\/\/geopresovregion.sk\/home\/o-nas\/","og_site_name":"Geoport\u00e1l Pre\u0161ovsk\u00e9ho kraja","article_modified_time":"2021-02-02T11:25:28+00:00","og_image":[{"url":"https:\/\/geopresovregion.sk\/home\/wp-content\/uploads\/2021\/02\/timeline-gis-PSK2.png"}],"twitter_card":"summary_large_image","schema":{"@context":"https:\/\/schema.org","@graph":[{"@type":"WebSite","@id":"https:\/\/geopresovregion.sk\/home\/#website","url":"https:\/\/geopresovregion.sk\/home\/","name":"Geoport\u00e1l Pre\u0161ovsk\u00e9ho kraja","description":"Geoport\u00e1l Pre\u0161ovsk\u00e9ho kraja","potentialAction":[{"@type":"SearchAction","target":{"@type":"EntryPoint","urlTemplate":"https:\/\/geopresovregion.sk\/home\/?s={search_term_string}"},"query-input":"required name=search_term_string"}],"inLanguage":"en-US"},{"@type":"ImageObject","inLanguage":"en-US","@id":"https:\/\/geopresovregion.sk\/home\/o-nas\/#primaryimage","url":"https:\/\/geopresovregion.sk\/home\/wp-content\/uploads\/2021\/02\/timeline-gis-PSK2.png","contentUrl":"https:\/\/geopresovregion.sk\/home\/wp-content\/uploads\/2021\/02\/timeline-gis-PSK2.png","width":1024,"height":1448},{"@type":"WebPage","@id":"https:\/\/geopresovregion.sk\/home\/o-nas\/","url":"https:\/\/geopresovregion.sk\/home\/o-nas\/","name":"Kto sme - Geoport\u00e1l Pre\u0161ovsk\u00e9ho kraja","isPartOf":{"@id":"https:\/\/geopresovregion.sk\/home\/#website"},"primaryImageOfPage":{"@id":"https:\/\/geopresovregion.sk\/home\/o-nas\/#primaryimage"},"datePublished":"2020-02-13T14:34:32+00:00","dateModified":"2021-02-02T11:25:28+00:00","breadcrumb":{"@id":"https:\/\/geopresovregion.sk\/home\/o-nas\/#breadcrumb"},"inLanguage":"en-US","potentialAction":[{"@type":"ReadAction","target":["https:\/\/geopresovregion.sk\/home\/o-nas\/"]}]},{"@type":"BreadcrumbList","@id":"https:\/\/geopresovregion.sk\/home\/o-nas\/#breadcrumb","itemListElement":[{"@type":"ListItem","position":1,"name":"Home","item":"https:\/\/geopresovregion.sk\/home\/"},{"@type":"ListItem","position":2,"name":"Kto sme"}]}]}},"_links":{"self":[{"href":"https:\/\/geopresovregion.sk\/home\/wp-json\/wp\/v2\/pages\/229"}],"collection":[{"href":"https:\/\/geopresovregion.sk\/home\/wp-json\/wp\/v2\/pages"}],"about":[{"href":"https:\/\/geopresovregion.sk\/home\/wp-json\/wp\/v2\/types\/page"}],"author":[{"embeddable":true,"href":"https:\/\/geopresovregion.sk\/home\/wp-json\/wp\/v2\/users\/1"}],"replies":[{"embeddable":true,"href":"https:\/\/geopresovregion.sk\/home\/wp-json\/wp\/v2\/comments?post=229"}],"version-history":[{"count":27,"href":"https:\/\/geopresovregion.sk\/home\/wp-json\/wp\/v2\/pages\/229\/revisions"}],"predecessor-version":[{"id":1877,"href":"https:\/\/geopresovregion.sk\/home\/wp-json\/wp\/v2\/pages\/229\/revisions\/1877"}],"wp:attachment":[{"href":"https:\/\/geopresovregion.sk\/home\/wp-json\/wp\/v2\/media?parent=229"}],"curies":[{"name":"wp","href":"https:\/\/api.w.org\/{rel}","templated":true}]}}